98, -4*v - 1304*s + 1307*s + 794 = 0. Suppose g = -3*g + 320. What is the highest common factor of v and g?
40
Let h(q) = q**2 + 12*q + 22. Let w be h(-9). Let f be w + 39 - (1 - 7)/(-3). What is the highest common factor of f and 80?
16
Let u(o) be the first derivative of -2*o**2 + 252*o + 166. Let w be u(17). What is the greatest common divisor of w and 69?
23
Let s(a) = 2*a**2 + 14*a + 2. Let z be s(-7). Let x be (-3)/27 + z/18. Let f be (2 - x)*((-93)/(-6) - -3). What is the highest common factor of 333 and f?
37
Suppose 13*y = -75*y + 3779 + 621. Let c be (6/15)/((-2)/10). Let j be 1 + -4*(-33 - c). What is the highest common divisor of y and j?
25
Suppose 4*i = -5*d - 196, 5*d = 4*d. Let l be (-24)/(-14)*2/(-4)*i. What is the greatest common divisor of 42 and l?
42
Suppose 0 = -11*w - 878 - 1938. Let y = w + 336. Calculate the highest common factor of y and 20.
20
Let w = 78 - 6. Suppose 2*n = -13*x + 14*x + 112, -3*n - 2*x = -154. Calculate the greatest common divisor of w and n.
18
Let z = 893 - 836. Let j be 5*30 - (-46)/23. Calculate the greatest common divisor of z and j.
19
Let d(h) = 2*h**3 + 205*h**2 + 1007*h + 66. Let m be d(-97). What is the greatest common factor of 54 and m?
54
Suppose -18 = -14*i + 5*i. Let o = 22 - 17. Suppose 2*f = -o*r + 36, -4 = -i*r - 0*r. Calculate the highest common divisor of 13 and f.
13
Let p = 252 - -143. Suppose -a + p = -4*a + 4*r, 0 = 4*a + 5*r + 506. Let s = -118 - a. What is the highest common divisor of s and 44?
11
Let j be 2/10 + (-1143)/15. Let c = 224 + j. Suppose 1198*g - 1176*g - 814 = 0. What is the greatest common divisor of g and c?
37
Let j = -7059 - -7084. Calculate the highest common divisor of 555 and j.
5
Let x(r) = -r**2 + 10*r + 14. Suppose 0 = 27*h - 72 - 144. Let w be x(h). Suppose -4*q + 300 = -0*q. Calculate the greatest common divisor of q and w.
15
Let g be ((-75)/3 + 6)*(-2)/2. Let m be (g/(-57))/((-2)/198). Calculate the greatest common factor of 297 and m.
33
Let f be 564/1504 - 981/(-8). Calculate the highest common divisor of f and 2501.
41
Suppose 0 = 960*r - 964*r. Suppose r = -3*x - 44 + 206. Calculate the highest common factor of 8 and x.
2
Let l = -177 + 183. Let p be (l/5)/((-4)/(-930)). Calculate the greatest common divisor of 62 and p.
31
Suppose 3 = -3*p + 3*j + 9, -4*p + 2 = -j. Let d(y) = 3*y + 5 + p*y - 4 + 1. Let x be d(0). Calculate the greatest common factor of x and 4.
2
Let t = 7289 - 4321. What is the greatest common factor of t and 318?
106
Let n(l) = 17*l**2 + 7*l - 7. Let c be n(1). Suppose -a = 4*b - 547, 3*b - 399 = -0*b + 3*a. Calculate the highest common divisor of c and b.
17
Suppose 25 = 3*p + 2*b, b - 27 = -25. Calculate the highest common factor of p and 1799.
7
Let s = -3707 - -6143. Calculate the greatest common factor of 252 and s.
84
Let v(l) = 2*l**2 + l - 10. Let b(n) = n**2 + n - 5. Let q(j) = 5*b(j) - 3*v(j). Let u be q(-3). Let t = 43 + u. What is the highest common factor of t and 44?
11
Suppose -9*s = -20*s + 19969 - 6274. What is the greatest common divisor of 120 and s?
15
Let z = -5770 - -5954. What is the highest common factor of z and 296?
8
Let u be 4784/69 + 1/(-3). What is the greatest common factor of u and 1403?
23
Let g(x) = 60*x**2 + 69*x - 236. Let z be g(3). What is the highest common factor of z and 35?
7
Let o be 1 + 3 + 1305*(-72)/(-162). What is the highest common divisor of 72 and o?
8
Let f(s) be the second derivative of s**4/3 + 11*s**3/3 + 17*s**2 + 64*s. Let d be f(-9). Calculate the highest common divisor of 10 and d.
10
Let m(v) = v**3 - 25 + 16*v - 5 - 11*v**2 + 15*v**2 + 6*v**2 + 4*v**2. Let g be m(-6). What is the highest common factor of 6 and g?
6
Let b = 766 - 583. What is the highest common factor of b and 244?
61
Let l(s) = -s**3 + 4*s**2 + 5*s - 4. Let n be l(3). Suppose 69*t - 570 = -53*t + 8*t. What is the greatest common factor of n and t?
5
Suppose 0 = 4*i + 40 - 16. Let a be (0 - i)*3640/168. What is the highest common factor of a and 325?
65
Suppose 0 = -27*h + 8443 + 10538. Calculate the greatest common factor of 148 and h.
37
Suppose -29*q + 40*q + 24768 = 35*q. What is the highest common factor of 430 and q?
86
Let z(p) = -344*p + 1383. Let q be z(-18). Calculate the greatest common factor of q and 150.
75
Let w be 2 + 36/(-20) - (-126)/(-5). Let c be (-4)/(-10) + (-7590)/w. Calculate the greatest common factor of 38 and c.
38
Let i = 506 - 188. Suppose -2*o + 2*a = -4 + 2, 0 = -3*o - 2*a + 28. Calculate the greatest common factor of i and o.
6
Let c(t) = -6*t**2 + 3*t + 3. Let g be c(-1). Let f(h) = -8*h + 8. Let o be f(g). Let w = -42 + o. What is the highest common factor of 2 and w?
2
Let m be 105/(-252) - (-755785)/60. Calculate the highest common factor of m and 376.
188
Let b be 253 + (104/(-24) - (-4)/(-6)). Calculate the greatest common divisor of 310 and b.
62
Suppose 0 = 2*n, -4*l - 3*n = -686 - 546. What is the greatest common factor of l and 5313?
77
Suppose 44*x = 42*x + 124. Let v = -416 + 602. Calculate the greatest common divisor of x and v.
62
Let d = 633 - 108. Calculate the greatest common factor of 175 and d.
175
Let p be (1 - 4/7) + (-1909530)/(-686). What is the highest common divisor of 64 and p?
32
Let i be (12 - (-5950)/7) + (2 - -1). Calculate the greatest common factor of i and 1903.
173
Let m(l) = -36*l - 254. Let w be m(-10). Let b be -1 + (-9)/((-9)/266). Calculate the greatest common factor of b and w.
53
Let k be (-384)/72*6/8*-9. Suppose 5*v + 25 = 475. What is the highest common divisor of v and k?
18
Let k = -54128 + 54527. Suppose 0 = 3*c - 4*o - 51, 0 = -0*c - 4*c - 2*o + 90. What is the greatest common divisor of k and c?
21
Let r = -804 - -841. Suppose -934 = r*l - 5670. Calculate the highest common divisor of 160 and l.
32
Let i = 11130 - 11088. Let l(b) = b**3 - 14*b**2 - 6*b - 9. Let v be l(15). Calculate the greatest common factor of i and v.
42
Let k be ((-50)/15)/((-50)/90). Calculate the highest common factor of k and 94.
2
Let s = 5722 - 5298. What is the highest common factor of 4717 and s?
53
Let r(t) be the first derivative of -11*t**2/2 + 20*t + 21. Let l be r(-2). Calculate the greatest common divisor of 2 and l.
2
Let i = -82642 - -82643. Let j = -105 + 55. Let s = j - -70. Calculate the greatest common factor of s and i.
1
Let k be 26976/128 - (-15)/(-20). What is the highest common divisor of k and 504?
42
Let o(u) = 90*u**2 - 51*u - 41. Let m be o(-1). Suppose 5*r - 40 = -b, 4*b - 4*r = 3*b + 13. Calculate the greatest common divisor of b and m.
25
Let f be (12 + (-4 - 2) - (-6 + 12)) + 195. Let x be 93/6 - (-2)/(-4). What is the highest common divisor of x and f?
15
Let g = 135 - 130. Let m be ((-22)/(-40) - (-1)/g)*128. Suppose 12*u = 16*u - m. Calculate the greatest common factor of u and 12.
12
Let o(p) = 76*p**2 - p + 585. Let k be o(0). Calculate the highest common divisor of 36 and k.
9
Let f = -504 + 1626. Let q be ((-66)/9)/(-12 - (-175)/15). Calculate the greatest common factor of q and f.
22
Suppose -3*f = y - 1872, 76*f + 3120 = 81*f + y. Calculate the highest common factor of f and 114.
6
Let h be (-495)/(-6) - 348/(-232). What is the greatest common divisor of h and 1246?
14
Let c(j) = 4*j**2 + 19*j - 82. Let i be c(12). What is the greatest common divisor of i and 171?
19
Let w = 7902 - 1796. Calculate the highest common divisor of 86 and w.
86
Let p(s) = s**3 + 11*s**2 - 14*s - 2. Let a be p(-10). Calculate the greatest common divisor of a and 1258.
34
Let b(l) = 2*l**3 + 19*l**2 - 80*l. Let r be b(-6). Calculate the highest common divisor of r and 36.
12
Let i be (4/(-6))/((295/(-90))/(-59)). Let l(f) = -2*f**2 + 20*f - 15 - 1 - 46*f. Let j be l(i). Calculate the greatest common factor of j and 64.
8
Let n = 8633 - 1298. Calculate the greatest common factor of n and 45.
45
Let a(g) = g - 2. Let c(u) = 3*u + 35. Let n be c(-11). Let r be a(n). Suppose r = 11*o - 53 - 35. Calculate the greatest common factor of o and 8.
8
Suppose 2*o = 6 + 10. Let a(b) = -b**3 + 10*b**2 + 4*b + 10. Let s be a(o). What is the highest common factor of 34 and s?
34
Let x(o) = -10*o**2 - 10*o + 1. Let j(n) = -5*n**2 - 5*n + 1. Let m(p) = 5*j(p) - 3*x(p). Let w be m(-2). What is the greatest common factor of 42 and w?
6
Suppose -